g*m - 15 = -2*m. Let r(b) = -b - 1 - 4*b - b**m + 0*b**3 + 6*b**2. Calculate r(5).
-1
Let t = 1 - -3. Let o(w) = w - 6. Give o(t).
-2
Let c(u) be the first derivative of u**3/3 - 3*u**2/2 - 2*u - 1. Suppose 5*j + 12 = 9*j. What is c(j)?
-2
Let d(h) = 4*h + 15. Let z(c) = 5*c + 16. Let k(o) = -6*d(o) + 5*z(o). Give k(7).
-3
Let o(g) be the second derivative of -g**5/20 + g**4/4 + g**3/2 + 28*g. What is o(-2)?
14
Let t(l) = -l + 2. Let v be (-3)/9*(-11 - 1). Suppose -i = 2*x - 7, 0 = -v*i - i + 5. Give t(x).
-1
Let i(b) be the second derivative of -b + 1/2*b**3 + 0 - 1/2*b**2. Suppose -2*x - 6 = s, 2*x - 3*s = -x + 9. What is i(x)?
-4
Let f(a) be the second derivative of a**4/12 - 5*a**3/6 - 3*a**2 + 3*a - 4. Suppose -g + 3*y = -12, -28 = -5*g - 3*y + 2*y. Give f(g).
0
Let t(p) = -p - 2. Let k be t(-2). Suppose x - 5*x - 24 = k. Let d(g) = -g**3 - 6*g**2 - g - 5. What is d(x)?
1
Let u(g) = -3*g + 0*g - g - 2*g**2 + 2 + g + g**3. Determine u(3).
2
Let t(h) = 7*h**2 + 2*h + 1. Let g be t(-1). Suppose s + g = -s. Let f(d) = -d + 3. What is f(s)?
6
Let v(m) = m**2 - m. Let f(h) = -3*h**2 + 5*h - 3. Let p(z) = -f(z) - 4*v(z). Determine p(-4).
-9
Let n(i) be the second derivative of -i**3/6 - 9*i**2/2 - i. Calculate n(0).
-9
Let w(y) be the second derivative of -y**5/60 - 4*y**3/3 + y**2 + 3*y. Let x(k) be the first derivative of w(k). Give x(0).
-8
Let t(d) be the first derivative of d**2 - 2. What is t(1)?
2
Let s = 1 + 1. Let b(k) = -k**2 - 3*k. Let i be b(-3). Let u(t) = 2*t - 5 + t**2 + 2 + i*t**2. Calculate u(s).
5
Suppose -4*m + 84 = -0*m. Let b be 28/6 - (-7)/m. Suppose -5 + 0 = -b*k. Let z(x) = 7*x**3 + x - 1. Calculate z(k).
7
Let x(l) = -l + 6. Let g be x(3). Let y(w) = -3*w - 2 - w + g - 3. Calculate y(-5).
18
Let y(h) = h**3 - 2*h**2 - 3*h + 4. Let t(o) = 2*o**3 - 2*o**2 - o. Let p be t(-1). Let q be (4/p)/((-4)/6). Let n be (-69)/(-21) + q/(-7). Give y(n).
4
Suppose m - b + 2 = 0, -3*m - m = -3*b + 6. Let p(x) = x**2 + 7. Calculate p(m).
7
Let w = 5 - 1. Suppose -3*r - r + w*v - 12 = 0, 0 = 5*r - 2*v. Let k(j) = 2*j**2 - 3*j. Let a(y) = -2*y**2 + 3*y. Let o(d) = -3*a(d) - 4*k(d). Give o(r).
-2
Let z(n) = -n**2 + 7*n + 4. Let d(k) = -k**2 - 1. Suppose -4*x - 5 = -9*x. Let q(y) = x*z(y) - 2*d(y). Give q(-6).
0
Let m = 158 + -153. Let q(g) = g**3 - 5*g**2 + g. Give q(m).
5
Let a(t) be the third derivative of -t**5/60 + t**4/24 + t**3/6 - t**2. Let k be (-80)/(-36) - (-2)/(-9). Let n = k - 4. Determine a(n).
-5
Let t(v) = v + 1. Let q(g) = -g**3 + 2*g**2 + 2*g - 3. Let n = 9 + -6. Let c be q(n). Determine t(c).
-5
Let h(n) = -1959 + 1959 - n. Determine h(4).
-4
Let j(u) = -2*u - 7. Let x be (2 - 1)*0/4. Suppose 7*c - 5*c + 12 = x. Give j(c).
5
Let l(j) = -j**3 - 5*j**2 - 6*j - 3. Let z = -1 - 0. Let o be 0 - (2 + 3 + z). Calculate l(o).
5
Let o be (-6)/2 + (1 - 2). Suppose 0 = a - 3*a, -3*s = -4*a - 9. Let l(c) = -2*c + 3*c**2 - s*c**2 - c**2. Give l(o).
-8
Let v(t) = -2*t**2 + t. Let s(o) = -3*o**2 + 2 - o**3 + 9*o**2 + 6*o**2. Let x be s(12). Calculate v(x).
-6
Let x(v) = -v**3 - 13*v**2 - 11*v + 11. Let g = -84 + 72. Calculate x(g).
-1
Let g(k) = -3*k - 8*k + 7*k. What is g(-1)?
4
Let z(f) = -f + 9. Let i be z(8). Let d be 33/9 + 4/(-6). Let g(m) = 2*m - 1 + m + d*m - 5*m. Determine g(i).
0
Let v(q) = -5*q**2 + q + 1. Let o(b) = b**2 + 7*b + 6. Let x be o(-5). Let g be x/(-6)*6/(-4). What is v(g)?
-5
Let g = 35 - 19. Suppose -8*u = -4*u - g. Let t(y) = y**3 + y + 1. Let v(w) = -4*w**3 + 5*w**2 - 5*w - 8. Let h(z) = 3*t(z) + v(z). What is h(u)?
3
Let n(v) = -2*v**2 + 3*v + 3. Let x be (-11)/((-44)/15) + (-6)/8. Calculate n(x).
-6
Let y(a) = a**2 - 9*a + 1. Let q(b) = -b. Let s(p) = -2*q(p) - y(p). Determine s(10).
9
Let o(y) = 3*y. Let q(i) = 0*i + 5*i - 4*i. Let g(m) = -6*o(m) + 10*q(m). What is g(1)?
-8
Let d(m) = -2*m**3 + m**2 - 10*m - 1. Let o(a) = a**3 - a**2 + 5*a. Let j(t) = 4*d(t) + 9*o(t). Calculate j(4).
0
Let u(g) = g**3 + 2*g**2 + 2*g + 1. Suppose -l = -v, -4*v = 4*l + l + 9. What is u(l)?
0
Let x(z) = 8*z**3 - 7*z**3 + 11*z - 12*z + z**2 + 2. Let q(m) = 5 + 3*m - m**3 + 3*m + 6*m**2 + 0*m. Let s be q(7). Determine x(s).
0
Let o(v) = v**3 + 7*v**2 + 2*v + 2. Suppose -57 - 34 = 13*r. Calculate o(r).
-12
Suppose -3 = 2*i + 3*r, -3*i + 6 = 4*r - 3*r. Let o(b) be the third derivative of b**6/120 - b**5/30 - b**4/12 + b**3/6 + 112*b**2. What is o(i)?
4
Let k(w) = w**3 - w**2 - w + 3. Suppose 0 = 8*u - u. What is k(u)?
3
Let r(i) = -i**2 + 6*i + 5. Let q be r(7). Let o(j) = -3*j - 3*j + 5*j. Calculate o(q).
2
Suppose -4 = -b + 2. Let c(t) = t - 5. Give c(b).
1
Let r = 2 + -4. Let p(u) = -6*u - 1. What is p(r)?
11
Let s(o) = o**2 + 9*o - 7. Let f(z) = -z**2 - 6*z + 6. Let x be f(-8). Let u be s(x). Let m(p) = -3*p + 4. Determine m(u).
-5
Let v = 8 - 4. Let q(g) = -4*g**3 + g**2 - 6*g + 5. Let k(o) = -o + 1. Let n(z) = v*k(z) - q(z). Let i(p) = p. Let l be i(1). What is n(l)?
4
Suppose 21 = -2*t + 5*m, -t - 3*t + 4*m - 12 = 0. Suppose 5*w = -4*r - 5, 19 = t*r - w + 4. Let q(z) = -z**2 + 5*z + 3. Calculate q(r).
3
Let r = 0 + -1. Let a(b) be the third derivative of 3*b**5/20 + b**4/12 + b**3/6 - 13*b**2. What is a(r)?
8
Let m(p) be the first derivative of -2 - 2*p**2 + 3*p + 1/3*p**3. Give m(4).
3
Let b(r) be the second derivative of -r**4/12 + 3*r**2 - 17*r. Determine b(0).
6
Let p be ((-14)/(-4))/((-2)/(-4)). Let l = p + -6. Let a(n) = -2*n**3 + 2*n**2 - 2*n + 1. Give a(l).
-1
Let v(i) = -12*i**3 + 7*i**2 + 19*i + 7. Let l(c) = -7*c**3 + 3*c**2 + 10*c + 4. Let n(u) = -7*l(u) + 4*v(u). Let b be ((-24)/28)/((-2)/(-14)). Calculate n(b).
0
Suppose 2 = -3*f - f + 2*d, -5*d + 5 = 0. Let j be ((-6)/9)/((-2)/(-9)). Let i(a) = 3*a + 9. Let c(l) = 2*l + 4. Let v(y) = j*i(y) + 5*c(y). Give v(f).
-7
Let q(r) be the second derivative of -r**3/3 - 3*r**2 - 7*r. Let n = -5 + 6. Let a be 0 - 4 - (3 - n). What is q(a)?
6
Let i be (-29)/3 + (-8)/(-12). Let g = -6 - i. Suppose -g*r + 2*y - 14 = 2*r, r = -2*y + 2. Let k(u) = -u**3 - 2*u**2 + u - 2. Calculate k(r).
-4
Suppose 11 = -2*f - 11. Let g = 11 + f. Let n(q) = q - 7. What is n(g)?
-7
Let t(j) be the third derivative of j**6/360 - j**4/12 - j**3/3 + 6*j**2. Let n(c) be the first derivative of t(c). Calculate n(0).
-2
Let m(b) = -29*b - 11. Let u(k) = 14*k + 5. Let g(c) = 6*m(c) + 13*u(c). Give g(2).
15
Suppose -l - 1 = -2*l. Let t(g) = g**2 + g - 6 - 1 + l + 3. Determine t(-4).
9
Let d(h) = -8*h. Suppose -11 = -4*i + 3*z, -24 = -5*i - 4*z + 13. Let s be i/((-15)/6) - -4. Let f = s + -1. Give d(f).
-8
Let v(w) = w**3 - 10*w**2 + 8*w + 9. Let n be v(9). Let c(o) = 2*o + n*o - o + 4. Give c(0).
4
Suppose l + 3 - 6 = 0. Let y(b) = 3*b**2 - 8*b + 4. Let h be y(l). Let r(d) = 2*d - 7. What is r(h)?
7
Suppose 0 = -5*p - 4*s - 0*s - 7, 4*p + 2*s + 8 = 0. Let z(i) = 2*i + 1. Let r(m) = -3*m. Let l(o) = p*r(o) - 4*z(o). Determine l(3).
-1
Let k = 11 - 3. Let z(q) = q**2 - 9*q + 8. What is z(k)?
0
Let p(d) = d - 6. Let i be p(-8). Let k = -8 - i. Let c(n) = -n**2 + 6*n. Determine c(k).
0
Let h = 41 + -33. Let j(s) = s - 5. Determine j(h).
3
Let n(f) = 3*f - 1. Let i(x) = -2*x + 1. Let l(c) = 8*i(c) + 5*n(c). Suppose -2*p + 8 = 2*p. Suppose g + p*g - 9 = 0. Give l(g).
0
Let q(v) be the second derivative of v**5/20 - v**4/3 - v**3 - v + 10. Suppose h + 0*h - 2*f - 1 = 0, h = 3*f + 3. Let u = h + 8. Determine q(u).
-5
Let b(i) = -6*i - 2. Let f be -6*((-10)/(-4) + -2). Determine b(f).
16
Let n(p) = 4 + p**2 + 2*p - 1 + p**2 - 5*p**2. Determine n(-2).
-13
Let t(i) = -i - 10. Let q be t(-9). Let h be q/(-3) - 5/(-3). Let w be (-276)/66 - h/(-11). Let a(s) = s**3 + 5*s**2 + 2*s - 3. Calculate a(w).
5
Let z(o) = 3*o**2 + 2*o**2 + 0*o**3 - 6 - o**3 - 3*o + 4. Calculate z(4).
2
Let t(l) be the third derivative of l**4/24 + 7*l**3/6 - 3*l**2. Calculate t(-3).
4
Let s be (-6)/(-4)*88/33. Let f(c) = -3*c - 7. Let l(k) = 7*k + 15. Let w(h) = -9*f(h) - 4*l(h). Calculate w(s).
-1
Let z be -3*3/(-18)*14. Let v = z + -2. Let b(s) = s**3 - 5*s**2 - s - 6. Calculate b(v).
-11
Let h = -7 + 14. Suppose 11 = -3*d + 32. Let q(v) = d*v + 4*v**2 - 3*v**3 + 2*v**3 - h + 0*v**3. Give q(5).
3
Suppose 5*p + 40 = 5*d - 0*d, -12 = -3*d - 3*p. Suppose 2*m = -m + d. Let b(i) = -1 - m + 3*i + 0*i. Determine b(3).
6
Let j(h) be the secon